 is the remainder when 5 is divided by t?
2
Suppose 14 + 20 = 2*d. What is the remainder when d is divided by 5?
2
Calculate the remainder when 37 is divided by (38/(-10))/((-8)/40).
18
Let p(c) = c**3 - 18*c**2 + 17*c + 14. Calculate the remainder when p(17) is divided by 10.
4
Suppose -44 = 5*g + 2*f - 1243, -2*g = -f - 476. Calculate the remainder when g is divided by 48.
47
Suppose 2*h + h - 5*x = 21, x = 3*h - 9. Suppose -2*i = i - 12. Suppose -i = -o - 2. What is the remainder when o is divided by h?
0
Let w = 4 - 0. Let o(l) be the third derivative of -l**5/60 + l**4/6 + l**3/3 + l**2. What is the remainder when 5 is divided by o(w)?
1
Suppose -4*u - 5*s + 51 = 0, 5*u + 5*s - 54 - 6 = 0. Let g be (-52)/3*(-3)/2. Suppose d = 2*d - g. Calculate the remainder when d is divided by u.
8
Let l(h) = -9*h + 15. Let y(f) = -13*f + 23. Let x(o) = -8*l(o) + 5*y(o). What is the remainder when x(3) is divided by 9?
7
Let k(x) = -x**3 + 4*x**2 - 2*x. Let y be (-1)/4 + (-26)/(-8). Calculate the remainder when 9 is divided by k(y).
0
Suppose 4*b + 4*s + 13 - 197 = 0, -s - 158 = -3*b. Let g = -34 + b. Calculate the remainder when g is divided by 10.
7
Suppose 52 = -2*z + 250. Let f = 112 - 87. What is the remainder when z is divided by f?
24
Let v(b) = -3*b - 1. Let f be v(-5). Suppose 2*w + 5*r = 58, -w - 4*r - f = -49. What is the remainder when 37 is divided by w?
18
Suppose 0 = -4*x + 579 + 85. What is the remainder when x is divided by 34?
30
Let a = 2 - 3. Let v(c) be the third derivative of 5*c**5/12 + c**4/24 + c**3/6 + 20*c**2. Calculate the remainder when v(a) is divided by 13.
12
Let y = 30 - 4. Let h = -14 + y. What is the remainder when 35 is divided by h?
11
Suppose -3*b - 51 = -6*b. Suppose 2*m - 7*m + 26 = -2*y, 10 = 2*m - y. Calculate the remainder when b is divided by m.
5
Let q(n) = 53*n**3 + 2*n**2 - 4*n + 4. What is the remainder when q(1) is divided by 14?
13
Suppose -6*l = -l - 165. Calculate the remainder when 129 is divided by l.
30
Let c(f) = f**3 + f - 39. Let q be c(0). What is the remainder when 1*-2*26/(-4) is divided by (-267)/q - (-10)/65?
6
Suppose -5*u - 4*m + 2 = -1, -3*m = 3*u - 3. Let y = -3 + u. Let b(w) = w**2 + 2*w + 2. Calculate the remainder when 18 is divided by b(y).
8
Suppose 0 = -8*s + 3*s + 135. What is the remainder when s is divided by 10?
7
Let u(r) = r**3 + r**2 + 1. Let t be (-1 - -1)*(-1 - 0). Let z be u(t). Let x(q) = 20*q - 1. Calculate the remainder when x(z) is divided by 7.
5
Let x be ((-4)/(12/(-9)))/1. Let q(i) = -i**3 + 2*i**2 - 3*i + 2. Let d be q(x). Calculate the remainder when 46 is divided by d/((-2 + 3)*-1).
14
Let r(u) = -u. Let s be r(-5). Suppose -s*i = -3*i - 36. Calculate the remainder when 52 is divided by i.
16
Let f(q) = q**3 - 8*q**2 + 5*q + 11. Let n be f(6). Let u = -13 - n. Calculate the remainder when 71 is divided by u.
17
Suppose -y - 7 = -0*y. Let d = y - -10. Suppose d*i - i - 34 = 0. Calculate the remainder when i is divided by 6.
5
Let d = -31 + 92. What is the remainder when d is divided by 21?
19
Let o(q) = q**2 + q + 1. Let t(b) = -b**2 - b - 4. Let u be t(3). Let z be ((-3)/(-2))/(4/u). Calculate the remainder when o(z) is divided by 11.
9
Suppose 4*c + 31 + 33 = 0. Let w = c - -37. What is the remainder when 40 is divided by w?
19
Let q = 30 + 9. Calculate the remainder when q is divided by 10.
9
Let z = 81 - 57. What is the remainder when 61 is divided by z?
13
Let x = 23 + -11. Let z = 38 - x. What is the remainder when z is divided by 14?
12
Suppose 0 = 2*z - 11 - 27. Suppose -3*i = -5*d - 27, 4*d + 3*i - 4*i = -16. What is the remainder when z is divided by (-2)/(4/42*d)?
5
Calculate the remainder when 122 is divided by 1 + 3 - 42/(-2).
22
Suppose -2*n = 3*h - 2 - 2, 0 = -5*h - 5*n. Calculate the remainder when (-4 - -2)/(-2) + 4 is divided by h.
1
Suppose -2*x + 4*x + 2 = 5*v, -2*x = -4*v. What is the remainder when 6 is divided by x?
2
What is the remainder when 29 is divided by (-828)/(-81) - (-4)/(-18)?
9
Suppose -4*f = 3*z - 57, f + 5*z = 2*f + 3. Calculate the remainder when f is divided by 3.
0
Suppose i = -i + 48. Suppose 3*j = 5*j - i. Suppose m - 4*m = -d - 22, j = 2*m + 2*d. Calculate the remainder when 20 is divided by m.
6
Let m = 46 + -26. Let z = -14 + m. Calculate the remainder when 10 is divided by z/3 - 3/(-3).
1
Suppose 4*i - 11*i = -91. Calculate the remainder when i is divided by 7.
6
Suppose 4*d = 23 + 1. Calculate the remainder when 14 is divided by d.
2
Let i(y) = 60*y**2 + 2*y. Calculate the remainder when i(1) is divided by 9.
8
Let f(j) = 25*j. Let a be f(6). Suppose -7*w + a = -2*w. Calculate the remainder when w is divided by 16.
14
Let n(o) = 2*o + 3. Let b = -32 + 48. What is the remainder when n(14) is divided by b?
15
Suppose -2*d = -3*m - 4*d + 10, -3*m = -2*d - 2. What is the remainder when 4/(m - 116/60) is divided by 21?
18
Let p(h) = -5*h - 2. Let s be p(-1). Suppose -s*w + 3*t + 42 = 0, 5*w - 2*t - 42 = -4*t. Calculate the remainder when 19 is divided by w.
9
Let p(w) = 2*w**2 - 6*w + 2. Suppose 0*s + 20 = 5*s. Let n be p(s). Let h = n - -8. What is the remainder when h is divided by 10?
8
Suppose 0*c = -3*m + 5*c + 11, -m - 8 = -4*c. What is the remainder when 20 is divided by m?
8
Let h(y) be the third derivative of y**6/120 - y**5/15 - y**4/4 + y**3/6 + 2*y**2. Calculate the remainder when h(6) is divided by 26/(2 - (0 + 0)).
11
What is the remainder when 142 is divided by (2 + 2/(-4))*(-130)/(-5)?
25
What is the remainder when 47 is divided by (-252)/(-6 + -1)*(-1)/(-3)?
11
Let h(q) = q + 1. Let u(c) = 7*c + 19. Let t(n) = -6*h(n) + u(n). What is the remainder when 12 is divided by t(-6)?
5
Let o = 223 + -139. Suppose 6*y - 3*y = o. Suppose -a - a = -y. Calculate the remainder when 40 is divided by a.
12
Let i = 48 + -17. Let w be ((-8)/(-6))/((-1)/(-24)). Suppose 3*l + w = 5*l. Calculate the remainder when i is divided by l.
15
Let t = -11 + 28. Let d(j) = 7*j - 4. What is the remainder when d(10) is divided by t?
15
Calculate the remainder when 28 is divided by (-4)/(24/15)*-4.
8
Calculate the remainder when 35 is divided by 24/(-14)*(0 + 2 - 9).
11
Let t(p) be the second derivative of 4*p**3 + p**2 + 3*p. Calculate the remainder when t(2) is divided by 17.
16
Let p = -8 - -38. Calculate the remainder when p is divided by 11.
8
Let d = 7 - 2. Let a(v) = v**2 - 7. What is the remainder when a(-4) is divided by d?
4
Let y be (6/(-9))/((-2)/(-6)). What is the remainder when 7 is divided by 4 + (2 - 0) + y?
3
Let l be 1 + -4 - (-1)/(-1). Let u(w) = w**3 + 7*w**2 - 9*w + 9. Calculate the remainder when (-2)/8 + (-197)/l is divided by u(-8).
15
Let b(c) = 6*c**2 - c - 1. What is the remainder when b(-2) is divided by (-36)/12 + 1 + 16?
11
Suppose 4*o + 0*o - 4*m - 64 = 0, -4*o + 100 = 5*m. What is the remainder when 58 is divided by o?
18
Let v = 1 + 3. Let x = 17 + -10. What is the remainder when x is divided by v?
3
Let l(j) = -j**2 + 3*j + 2. Let v be l(3). Let b = v + 6. Calculate the remainder when 13 is divided by b.
5
Let d(r) = -r**3 - 3*r**2 + r. Let s be d(2). Let l = -11 - s. Calculate the remainder when 13 is divided by l.
6
What is the remainder when 85 is divided by 3*69/9 + -1?
19
Suppose -2*z + 6 = 0, 0 = -5*y - 3*z + z + 26. What is the remainder when 5 is divided by y?
1
Suppose 0*r - 5*r = -15. Suppose 400 = r*y + 2*y. Suppose 2*j + 2*d = -d + 22, -3*d = -4*j + y. What is the remainder when 50 is divided by j?
16
Suppose 13 = 5*g + 3*m - 12, 0 = -2*g - 3*m + 10. Suppose 5*w + a - g*a + 2 = 0, 3 = a. Let k = -1 + w. What is the remainder when 1 is divided by k?
0
Suppose -2 = -j - 0*j. Suppose -j*q = 4, 57 = 2*o + 3*o + 4*q. What is the remainder when 38 is divided by o?
12
Let p(c) = c**3 + 4*c**2 + 5*c + 4. Let u be p(-3). Calculate the remainder when 28 + (-6)/(-3) + u is divided by 15.
13
Let t(a) = a + 16. Let i = -4 - -4. Let f be t(i). Let z = 34 - f. What is the remainder when z is divided by 10?
8
Let c(f) be the third derivative of f**5/30 - f**4/6 - f**3/2 + 2*f**2. Calculate the remainder when 2 - (-35 - 0 - 0) is divided by c(-2).
11
What is the remainder when 74/8*(4 + 0) is divided by 10?
7
Suppose -7 = -3*m - 19. Calculate the remainder when m/(-14) - 66/(-14) is divided by 3.
2
Supp